. Suppose -43*b + j*b = -20205. Is b a prime number?
False
Let f(b) = 7*b + 13. Let w be f(-3). Let p = w + 10. Suppose 2*i + 3*c = -p*i + 1205, 1486 = 5*i - 3*c. Is i a prime number?
False
Suppose -3*w + 2397 = -3*v, -v + 405 = w - 402. Suppose -3*c + w = -1954. Is c a composite number?
False
Let q = 5023 + -3078. Is q a prime number?
False
Suppose 79*v + 20 = 83*v. Suppose u - a = -u + 833, -5*u + v*a = -2090. Is u prime?
False
Is 629630034/6050 + 2/(-25) composite?
True
Is ((1976/114)/(-13))/((-8)/4448022) prime?
True
Suppose -13*u = 26*u - 5026359. Is u a prime number?
False
Let o be 1/(22/(-4)) + (-15 - 12108/(-44)). Suppose 0 = -2*q - 3*t - 2*t - 362, -12 = 3*t. Let u = o + q. Is u a prime number?
True
Let q be (1 + 85671)*9/12. Suppose -413*w + q = -407*w. Is w a composite number?
False
Let y(t) = -7 + t**2 - 5*t**2 - 9*t + 0*t**2 + 5*t**2. Let z be y(10). Suppose -z*j + 4991 = -298. Is j a prime number?
False
Suppose -4*t + 10 = 22, -t + 2009 = 2*s. Let f = s + -888. Is f prime?
False
Let f(m) = -2*m**3 - 6*m**2 + 90*m - 227. Is f(-29) a composite number?
True
Suppose -2*y + 5*s + 245419 = 32692, -4*y + 425508 = -16*s. Is y a prime number?
False
Let m(b) = 2802*b - 2923. Is m(68) composite?
True
Let k(y) = y + 8. Let d = -36 - -29. Let h be k(d). Is -2*(-6)/h - -3 composite?
True
Let p(g) = -281 + 160 + g**2 - g + 170. Let r(q) = -q**2 - q - 1. Let u(l) = p(l) - 4*r(l). Is u(8) a composite number?
False
Suppose -36*o + 582636 = -3346728. Is o a composite number?
True
Let r(c) = -1932*c - 65. Is r(-3) prime?
False
Let q(g) = -g**3 - 13*g**2 + 9*g + 72. Let b(s) = 2*s**3 + 14*s**2 - 10*s - 74. Let n(f) = -2*b(f) - 3*q(f). Is n(-17) prime?
False
Let f = 8 - -20. Suppose -f*g = -26*g - 2802. Suppose 0 = 3*c - g - 2376. Is c a prime number?
True
Let v = -9914 - -19785. Is v a composite number?
False
Suppose -4*d - 4*i + 12 = -6*d, -d - 3*i + 14 = 0. Let r(u) = -3*u - 45. Let p be r(-15). Suppose -4*a + 258 = 2*h, p = 6*a - d*a - 20. Is h prime?
False
Is (67657/145)/(-5 + (-130)/(-25)) prime?
True
Suppose -15 = 3*n - 54. Suppose 35*l = n*l + 35596. Is l prime?
False
Suppose 128 = 3*l + 2*p - p, -2*p + 124 = 3*l. Let s = l - 40. Let m(r) = 2*r**2 + 2*r + 13. Is m(s) a composite number?
False
Let z(c) = -c**2 - 3*c + 18. Let y be z(-6). Suppose s - 2*j - 6241 = y, -3*s + j + 18729 = -3*j. Is s composite?
False
Let v be ((-10)/15 + 0)*-6. Suppose 2*r = 5*r - 15, 3*r + 6157 = v*a. Is a a composite number?
False
Suppose 3*d + 41 = i + 742, 4*d + 2*i - 938 = 0. Suppose -11*o + 225 + 149 = 0. Is (-1)/((-2)/d) + -30 + o composite?
True
Suppose -3*f - r = 59, -3*r + 51 = -2*f - 6*r. Is (-3951)/f + -2 - 1/2 a prime number?
False
Let l be (5/10)/((-6)/(-24) - 0). Suppose -4*y = 20, l*y = -5*a - 12845 + 33470. Is a a prime number?
True
Suppose 15*u = 4912533 - 1125768. Is u a composite number?
True
Let h = 588646 + -419723. Is h a prime number?
False
Suppose 391830 + 738798 = 4*n - 2*l, 0 = -3*l + 24. Is n a prime number?
True
Suppose -23*w + 9*w = -42. Suppose -11*o - 10 = -6*o, 0 = w*q - o - 35555. Is q composite?
True
Let m(y) = -122*y**3 - 12*y**2 + 23*y - 40. Is m(-9) composite?
False
Suppose 12*q = 3 + 33. Let y be (-2)/(-10) + q/(-15). Suppose -3*t + 2*f + 5263 = -y*f, 2*t - 3534 = -5*f. Is t composite?
True
Let u = 7 - 48. Let s = u + 38. Is 2949*(-1)/s*1 composite?
False
Is 237594 - (50/45 + (-16)/144) composite?
True
Let q be (-4)/18 - (-684)/162. Suppose 0 = 5*j - 14*t + 18*t - 4791, 0 = j + q*t - 955. Is j prime?
False
Let f(a) = -a**2 - 11*a + 26. Let g be f(-14). Let y be 5425/9 + g/(-72). Suppose -4*o = -y + 39. Is o composite?
True
Let d(n) = 283*n - 652. Is d(15) composite?
False
Suppose -1589268 = -16*h + 91804. Is h composite?
True
Let v(l) = 5*l**3 + 2*l**2 - 14*l - 15. Let t be v(11). Suppose -9*j = -5*j - t. Let i = j + -913. Is i a composite number?
False
Suppose 17*p - 2041 = 4*p. Is (p/(-1) - 1)*(-106)/4 a composite number?
True
Let d = 3879 - 2205. Suppose -7089 - d = -3*r. Is r a prime number?
False
Suppose -303062 = -z - 3*d, 496883 = 2*z - 4*d - 109231. Is z prime?
False
Let s be (-5 - (-27)/5) + 4588/(-20). Let t = s - -518. Is t prime?
False
Let y = 4773 + -3094. Let n = y + 902. Is n prime?
False
Suppose 9522*o - 504574 = 9508*o. Is o composite?
True
Let h(d) = -9*d + 97. Let u be h(10). Suppose u*k - 8662 = 34171. Is k prime?
False
Suppose 174*h = 207*h - 3997059. Is h prime?
True
Suppose 0 = -3*p - 4*c + 47337, -3*c = 6*p - 2*p - 63123. Is p composite?
True
Let b be (1/(-1))/((-2)/116). Suppose z = -b + 56, 3*o = z + 1067. Is o a composite number?
True
Let w(q) = 48*q**2 - 5*q. Suppose -6 = -3*m + 5*m. Let y be w(m). Is y - (0 - (0 + 4)) composite?
True
Let p(r) = -10*r**2 + 17*r + 30. Let o be p(10). Let h = 4491 + o. Is h a composite number?
False
Let o(x) = 9*x + 181. Let p be o(-14). Suppose -4 = 2*t + 2*m, -5*m + 12 = -3*t + 38. Is t/11 + (10220/p - -1) prime?
False
Let r(d) = -d**3 - 14*d**2 - 4*d - 62. Let u be r(-14). Is 8/((-192)/(-52168)) - (-4)/u composite?
True
Let c = 259527 + -135110. Is c composite?
True
Let o(k) = 3*k**2 - k + 2. Let l be o(-3). Suppose -4*s = 3*a + 2*a, 4*s - 3*a = l. Suppose 8*t - 111 = s*t. Is t a composite number?
False
Let u be 10 + -6 + (-2 - 6/3). Suppose u = 4*i - 8, -5*d + 5*i + 150149 = 7*i. Is d a prime number?
True
Let x be (-5)/15*9 - -5. Suppose -w + x*k = -110069, 6*w - 10*w + 440258 = -2*k. Is w composite?
False
Suppose -14*u - 91 = 189. Is ((-37005)/u)/((-24)/(-64)) prime?
False
Let p(c) = -c**3 - 8*c**2 + 5*c + 42. Let h be p(-9). Let k be (3/(-9))/((-2)/330). Let l = h - k. Is l prime?
True
Let r = 589 + -589. Suppose r = -6*i + 4536 + 76458. Is i prime?
True
Let p be (0 - 0)/(-1) + 44/22. Is 115124/(-17)*p/(-8) prime?
True
Suppose 15*q - 3337045 = -26*q + 9646876. Is q composite?
False
Let t(x) = 43*x + 70 - 13 + 14. Let a be (130/39 - 3)/((-3)/(-108)). Is t(a) prime?
True
Let s(w) = -214631*w - 1749. Is s(-2) a prime number?
True
Let q(g) = -733*g - 1917. Is q(-16) a composite number?
False
Let o(u) = -u**3 + 120*u**2 - 39*u - 533. Is o(114) composite?
False
Let c(f) = -1402*f + 4741. Is c(-16) composite?
True
Let g be ((-6)/24)/(((-14)/24)/7). Suppose -2*d + j = -7*d - 3, 0 = 5*d + g*j + 9. Suppose d = -5*t - 2*t + 2037. Is t a composite number?
True
Suppose -463*p + 462*p = -3, -202708 = -v + 3*p. Is v a composite number?
False
Suppose 0 = -2*g + 26 - 2. Suppose -k = -0*k + 2*n - 205, 0 = -4*n + g. Suppose -1304 = -3*q + k. Is q composite?
True
Let o = -496 + 1174. Suppose -3*s - o - 33 = 0. Let h = s + 659. Is h prime?
False
Let r be (-3396)/16*6*8/(-18). Suppose r*o + 11427 = 569*o. Is o composite?
True
Let h(p) be the second derivative of 1643*p**3/6 - 2*p**2 - 17*p. Is h(1) a prime number?
False
Suppose -3*x = 4*l - 20258 + 128, 5*l = -2*x + 13420. Suppose w + 1313 = 5*o, -x = 5*w - 9*o + 13*o. Let k = 1879 + w. Is k a composite number?
False
Suppose 3*d + 3605 = -2*t, -2*t + d = t + 5402. Let r = t - -8523. Is r a prime number?
False
Let x(y) = 23*y**3 - 3*y**2 - 71*y + 17. Is x(14) a prime number?
True
Suppose -2*l = 2*h - 213188, -831*h - 5*l = -832*h + 106576. Is h a prime number?
True
Let z(l) = -l**3 - l**2 + 3*l + 21726. Let g be z(0). Suppose g = -9*y + 90315. Is y prime?
True
Let n be 3*7/168 + 1/(-8). Suppose -3*t - 3*p + 674 = -1330, n = -t - 2*p + 663. Is t prime?
True
Let g = -4197 - -27698. Is g composite?
True
Let o(h) = -975*h + 8. Let j = -73 - -70. Let z be o(j). Suppose 12*i - z = 5*i. Is i a composite number?
False
Let t(q) = 10*q**2 + 2*q + 5. Suppose -15*u + 32 = -13*u. Suppose -u = -z + 5*m, 0*z + m - 22 = -4*z. Is t(z) composite?
True
Suppose -373280 = -18*r - 2*r. Suppose -18*x + r = -10*x. Is x prime?
True
Let y = -2375 - -11746. Is y a prime number?
True
Let a(i) = -2*i + 7. Suppose 0 = -3*h + 15 - 9. Let n be a(h). Suppose 0*y + 5*u = 5*y - 335, y + n*u - 67 = 0. Is y a composite number?
False
Suppose 0 = n + 2*n + 2*u + 1648, -1613 = 3*n - 5*u. Let q be (n/8)/((-1)/8). Let m = q + 577. Is m a prime number?
True
Let h(y) = -6*y + 24. Let b be h(1). Is (23336/(-20))/(b/(-315)) prime?
False
Suppose -c - 3501 + 51950 = 0. Is c composite?
False
Suppose 0 = -38*g - 12*g + 11482128 - 4314778. Is g composite?
True
Suppose 5*h = 2*p + 8